common factor of 25 and 7651?
1
What is the highest common factor of 763360 and 195?
65
What is the greatest common divisor of 3057 and 318?
3
What is the highest common factor of 28854 and 102134?
458
What is the highest common factor of 39236 and 442?
34
Calculate the highest common factor of 311 and 1106227.
311
What is the greatest common factor of 2397 and 5922?
141
What is the highest common factor of 110 and 41965?
55
What is the greatest common factor of 312 and 21864?
24
What is the greatest common divisor of 27524 and 112?
28
What is the greatest common factor of 12887878 and 62?
62
What is the greatest common factor of 4635 and 117?
9
Calculate the greatest common divisor of 447189 and 276.
69
What is the highest common divisor of 220 and 18589780?
220
What is the highest common divisor of 72616 and 1508?
116
What is the greatest common divisor of 107 and 313189?
107
Calculate the highest common divisor of 3609 and 6.
3
Calculate the highest common divisor of 1070 and 21510.
10
What is the greatest common factor of 5019 and 1967?
7
What is the highest common factor of 5408 and 104?
104
What is the greatest common factor of 285544 and 616?
56
What is the highest common factor of 31520 and 400?
80
Calculate the greatest common factor of 621 and 2080419.
69
What is the greatest common divisor of 9075 and 63900?
75
What is the highest common factor of 11290 and 5?
5
Calculate the greatest common factor of 3435 and 34579.
229
What is the highest common divisor of 25413 and 10047?
591
Calculate the highest common factor of 762 and 126746.
254
Calculate the greatest common factor of 18 and 239661.
9
Calculate the greatest common divisor of 81153 and 42813.
639
What is the greatest common factor of 33794 and 1037?
61
Calculate the greatest common factor of 6801871 and 284.
71
Calculate the greatest common divisor of 120462 and 374.
34
What is the greatest common divisor of 23 and 646001?
23
What is the highest common factor of 41976 and 96?
24
Calculate the greatest common divisor of 241621 and 61.
61
Calculate the greatest common factor of 26560 and 560.
80
What is the highest common factor of 3224 and 728?
104
What is the greatest common factor of 4307 and 2?
1
Calculate the highest common divisor of 13344 and 26016.
96
Calculate the highest common divisor of 552 and 2328.
24
What is the greatest common factor of 3487 and 440?
11
Calculate the greatest common divisor of 269088 and 96.
96
Calculate the highest common divisor of 1214032 and 23.
23
Calculate the greatest common factor of 615384 and 5180.
1036
Calculate the highest common divisor of 352 and 61520.
16
What is the greatest common divisor of 49446 and 2952?
738
Calculate the greatest common factor of 11893068 and 44.
44
What is the highest common divisor of 36301 and 2?
1
What is the highest common factor of 10943 and 7060?
353
What is the greatest common factor of 33718 and 23?
23
Calculate the greatest common factor of 1609431 and 803.
73
Calculate the highest common divisor of 11774 and 826.
14
What is the greatest common factor of 10 and 7372?
2
Calculate the greatest common factor of 80437 and 14.
7
What is the greatest common factor of 8245 and 135?
5
Calculate the greatest common factor of 348 and 643278.
174
What is the greatest common divisor of 33378 and 12?
6
What is the greatest common divisor of 12 and 20548?
4
What is the greatest common factor of 43605 and 85?
85
Calculate the highest common divisor of 414 and 43677.
207
What is the greatest common factor of 179400 and 32?
8
Calculate the greatest common divisor of 2 and 115156.
2
What is the greatest common divisor of 1109701 and 262?
131
Calculate the highest common divisor of 100843 and 93.
31
What is the highest common divisor of 3510 and 39663?
351
What is the highest common factor of 656 and 2126588?
164
Calculate the highest common factor of 14 and 82054.
14
Calculate the highest common divisor of 5911 and 989.
23
What is the highest common divisor of 45 and 53145?
45
What is the highest common divisor of 8415 and 12705?
165
Calculate the greatest common divisor of 406580 and 1595.
145
What is the highest common factor of 10 and 12965?
5
What is the greatest common divisor of 462973 and 91?
7
Calculate the highest common factor of 91725 and 150.
75
Calculate the greatest common factor of 352 and 310816.
352
What is the highest common factor of 498 and 254146?
166
Calculate the highest common divisor of 4978 and 82384.
38
Calculate the highest common divisor of 214697 and 56.
7
What is the highest common divisor of 5060 and 4015?
55
Calculate the highest common divisor of 88 and 1947.
11
What is the highest common divisor of 1025 and 47925?
25
What is the greatest common factor of 148 and 145854?
74
Calculate the highest common divisor of 645 and 1185.
15
Calculate the greatest common divisor of 78625 and 9775.
425
What is the highest common factor of 15 and 2585475?
15
Calculate the greatest common factor of 53344 and 51677.
1667
Calculate the highest common divisor of 54068 and 644.
28
Calculate the greatest common factor of 15597 and 90.
9
Calculate the greatest common factor of 17175 and 675.
75
What is the highest common factor of 21 and 1719?
3
Calculate the greatest common factor of 2339399 and 1702.
851
What is the greatest common factor of 1045 and 50490?
55
Calculate the highest common divisor of 663168 and 1392.
48
Calculate the greatest common divisor of 112 and 6300.
28
What is the greatest common divisor of 1092192 and 4836?
372
What is the highest common factor of 609936 and 96?
48
Calculate the highest common factor of 15336 and 243.
27
Calculate the greatest common divisor of 1200 and 36640.
80
Calculate the highest common divisor of 121 and 15818.
11
Calculate the highest common divisor of 3792 and 16827.
237
Calculate the highest common factor of 24857 and 46004.
371
Calculate the greatest common divisor of 137950 and 62.
62
Calculate the greatest common divisor of 21430 and 10.
10
Calculate the highest common divisor of 48894 and 1218.
174
Calculate the greatest common divisor of 18 and 694836.
18
What is the highest common divisor of 34275 and 6?
3
Calculate the greatest common factor of 144 and 1468944.
144
What is the greatest common factor of 8944 and 212992?
208
What is the highest common divisor of 2912 and 112864?
32
What is the greatest common factor of 1875 and 8340?
15
What is the highest common divisor of 2105925 and 150?
75
What is the highest common factor of 96843 and 57?
57
What is the highest common factor of 15158 and 7007?
143
What is the highest common divisor of 12723 and 15?
3
What is the greatest common divisor of 38161 and 341?
31
Calculate the highest common divisor of 143702 and 286.
26
What is the highest common factor of 49335 and 77142?
897
Calculate the highest common factor of 154 and 398678.
14
What is the greatest common factor of 106675 and 1275?
425
What is the highest common factor of 2750188 and 28?
28
Calculate the greatest common divisor of 17 and 20281.
17
Calculate the highest common divisor of 101202 and 18.
6
What is the greatest common divisor of 513670 and 6?
2
What is the highest common factor of 2576 and 136?
8
Calculate the highest common factor of 2279 and 2491.
53
What is the greatest common factor of 55 and 90937?
11
Calculate the greatest common factor of 1108 and 116.
4
What is the highest common divisor of 15 and 46135?
5
What is the highest common divisor of 189 and 5040?
63
What is the greatest common divisor of 15 and 12633?
3
Calculate the greatest common divisor of 12 and 126483.
3
Calculate the highest common divisor of 544486 and 183.
61
What is the highest common factor of 13398 and 2373?
21
What is the greatest common divisor of 11574 and 410234?
1286
What is the greatest common factor of 405 and 30885?
15
Calculate the greatest common factor of 713235 and 1785.
255
What is the greatest common factor of 71109 and 144?
9
Calculate the highest common factor of 87852 and 24.
12
What is the greatest common divisor of 176 and 12064?
16
What is the greatest common divisor of 1029 and 99393?
21
What is the greatest common divisor of 239346 and 198?
18
What is the highest common divisor of 8528 and 820?
164
What is the greatest co